129 prime?
False
Is 33457 a prime number?
True
Is 5581 a composite number?
False
Is 696181 composite?
False
Is 11751 a prime number?
False
Is 3261 a prime number?
False
Is 97535 prime?
False
Is 8379413 a composite number?
True
Is 251 composite?
False
Is 859319 prime?
False
Is 551981 composite?
False
Is 101863 a composite number?
False
Is 8399 a composite number?
True
Is 82253 composite?
True
Is 11197 composite?
False
Is 38501 a composite number?
False
Is 753 a prime number?
False
Is 12689 composite?
False
Is 1662205 a prime number?
False
Is 658897 prime?
True
Is 50293 a composite number?
True
Is 23269 a composite number?
False
Is 852506 composite?
True
Is 3223 a composite number?
True
Is 45587 a composite number?
False
Is 9722 a prime number?
False
Is 200971 composite?
False
Is 78977 prime?
True
Is 620029 a prime number?
True
Is 12895 a composite number?
True
Is 35879 prime?
True
Is 13063 prime?
True
Is 11513 a prime number?
False
Is 27067 a prime number?
True
Is 1658 a prime number?
False
Is 33049 composite?
False
Is 2201 a composite number?
True
Is 25719 composite?
True
Is 1190381 prime?
True
Is 38143 prime?
False
Is 1995079 composite?
True
Is 37441 a composite number?
False
Is 4187047 composite?
False
Is 523207 composite?
False
Is 53267 composite?
False
Is 65497 composite?
False
Is 3314119 a composite number?
False
Is 150533 prime?
True
Is 53213 a composite number?
True
Is 41299 a prime number?
True
Is 158707 a prime number?
False
Is 888623 composite?
False
Is 5345 a composite number?
True
Is 47599 a composite number?
False
Is 19919 prime?
True
Is 282461 prime?
True
Is 42729 a prime number?
False
Is 813577 composite?
False
Is 97437 composite?
True
Is 9818 a composite number?
True
Is 37463 a prime number?
True
Is 7411 a composite number?
False
Is 515579 composite?
False
Is 145391 a composite number?
False
Is 17431 composite?
False
Is 10495 a composite number?
True
Is 6841 a composite number?
False
Is 35458 a composite number?
True
Is 4701401 composite?
True
Is 21621 a composite number?
True
Is 3713 composite?
True
Is 498461 prime?
True
Is 53759 prime?
True
Is 942421 composite?
True
Is 509 a composite number?
False
Is 2051 a prime number?
False
Is 9967 a composite number?
False
Is 6947 prime?
True
Is 3543349 composite?
False
Is 1384282 prime?
False
Is 738151 a composite number?
False
Is 48731 a composite number?
False
Is 18743 a composite number?
False
Is 108863 a prime number?
True
Is 490551 a prime number?
False
Is 82699 a composite number?
False
Is 193541 a prime number?
True
Is 8143 prime?
False
Is 1273 composite?
True
Is 48109 a prime number?
True
Is 740849 composite?
False
Is 1470145 a composite number?
True
Is 633 prime?
False
Is 56774 a composite number?
True
Is 16255 a prime number?
False
Is 50039 a prime number?
False
Is 1618 a composite number?
True
Is 42213 a prime number?
False
Is 16157 prime?
False
Is 47539 composite?
True
Is 168711 a prime number?
False
Is 65573 a prime number?
False
Is 32083 a composite number?
False
Is 241151 a prime number?
False
Is 92465 composite?
True
Is 3127 prime?
False
Is 9651 prime?
False
Is 164147 a prime number?
True
Is 4721 composite?
False
Is 302723 a prime number?
True
Is 20974 prime?
False
Is 19847 composite?
True
Is 934049 composite?
False
Is 5131 a prime number?
False
Is 142015 composite?
True
Is 314845 composite?
True
Is 43379 composite?
True
Is 58659 a composite number?
True
Is 19119 prime?
False
Is 95143 composite?
False
Is 11901 a prime number?
False
Is 456083 prime?
False
Is 1991 a prime number?
False
Is 896729 a prime number?
False
Is 94495 composite?
True
Is 53813 a prime number?
True
Is 25257 composite?
True
Is 221491 a composite number?
True
Is 285815 prime?
False
Is 4430351 composite?
False
Is 561409 a prime number?
True
Is 17233 prime?
False
Is 8639 a prime number?
False
Is 336307 a prime number?
True
Is 342743 composite?
True
Is 63737 composite?
False
Is 47599 composite?
False
Is 1729697 a prime number?
True
Is 330767 composite?
False
Is 11633 a prime number?
True
Is 510955 prime?
False
Is 131743 a composite number?
False
Is 88183 a composite number?
True
Is 13147 a prime number?
True
Is 80561 prime?
False
Is 14451 a composite number?
True
Is 64133 a prime number?
False
Is 470471 a composite number?
False
Is 46549 a prime number?
True
Is 44881 prime?
False
Is 4309 a composite number?
True
Is 146378 a composite number?
True
Is 2417 a composite number?
False
Is 1147 a prime number?
False
Is 3433 composite?
False
Is 743979 a prime number?
False
Is 185747 a prime number?
True
Is 22439 composite?
True
Is 298 a composite number?
True
Is 243277 prime?
False
Is 170915 a prime number?
False
Is 203383 composite?
False
Is 183089 a composite number?
False
Is 934223 a composite number?
False
Is 5261 a composite number?
False
Is 7822 prime?
False
Is 389645 a prime number?
False
Is 82653 composite?
True
Is 992917 a prime number?
True
Is 35251 composite?
False
Is 587 prime?
True
Is 50537 prime?
False
Is 37519 prime?
False
Is 3433 a composite number?
False
Is 325169 composite?
True
Is 208177 composite?
True
Is 3217 a prime number?
True
Is 6407 prime?
False
Is 3377 composite?
True
Is 158003 a prime number?
True
Is 1401406 composite?
True
Is 56638 composite?
True
Is 1792409 prime?
True
Is 107733 a prime number?
False
Is 528347 prime?
False
Is 7237 prime?
True
Is 23849 a prime number?
False
Is 20593 a prime number?
True
Is 437623 a prime number?
False
Is 75127 composite?
True
Is 38431 a composite number?
False
Is 44461 prime?
False
Is 1677827 a prime number?
False
Is 1943 prime?
False
Is 2611 a prime number?
False
Is 181777 prime?
True
Is 32777 a prime number?
False
Is 877739 a prime number?
True
Is 5854033 a composite number?
True
Is 881311 a composite number?
False
Is 51131 composite?
False
Is 29257 a composite number?
True
Is 47339 a composite number?
False
Is 1930123 prime?
False
Is 164127 a composite number?
True
Is 75883 a prime number?
True
Is 115523 a composite number?
False
Is 16141 composite?
False
Is 7451 a composite number?
False
Is 417955 composite?
True
Is 15959 composite?
False
Is 3347 prime?
True
Is 81127 composite?
True
Is 112031 a composite number?
False
Is 8053 a prime number?
True
Is 2167933 a prime number?
True
Is 203447 a prime number?
False
Is 2094527 composite?
True
Is 384409 a composite number?
True
Is 2599 a prime number?
False
Is 253411 composite?
True
Is 33997 prime?
True
Is 59197 a composite number?
False
Is 250199 composite?
False
Is 73673 a prime number?
True
Is 4703 a composite number?
False
Is 580253 composite?
True
Is 3557 a prime number?
True
Is 82883 a composite number?
False
Is 32722 composite?
True
Is 26849 a prime number?
True
Is 10221 a composite number?
True
Is 20847 composite?
True
Is 82601 a composite number?
False
Is 3215 a composite number?
True
Is 2211005 composite?
True
Is 715637 composite?
True
Is 294091 a composite number?
True
Is 12049 composite?
False
Is 139547 composite?
False
Is 790073 prime?
False
Is 114131 composite?
True
Is 56849 a prime number?
False
Is 15623 a prime number?
False
Is 68422 a composite number?
True
Is 23857 a prime number?
True
Is 27329 prime?
True
Is 6947 a prime number?
True
Is 42149 prime?
False
Is 3251 composite?
False
Is 32605 prime?
False
Is 47459 a composite number?
False
Is 291629 a prime number?
False
Is 19407 prime?
False
Is 5541 prime?
False
Is 22201 a composite number?
True
Is 36973 composite?
False
Is 4789 a composite number?
False
Is 4049 composite?
False
Is 731201 a composite number?
False
Is 374149 a prime number?
True
Is 10993 prime?
True
Is 15581 composite?
False
Is 3455 composite?
True
Is 7831 a prime number?
False
Is 7121 a prime number?
True
Is 53007 prime?
False
Is 200819 composite?
True
Is 1597 composite?
False
Is 2079041 composite?
False
Is 10487 a composite number?
False
Is 225497 composite?
True
Is 15443 prime?
True
Is 35797 composite?
False
Is 130079 a prime number?
True
Is 419 a prime number?
True
Is 1893451 a composite number?
True
Is 6331 a prime number?
False
Is 77489 composite?
False
Is 428441 a composite number?
True
Is 100117 composite?
True
Is 18773 a prime number?
True
Is 144953 prime?
False
Is 29947 composite?
False
Is 13483 prime?
False
Is 17821 a composite number?
True
Is 2921 prime?
Fa